tors of 5691?
3, 7, 271
What are the prime factors of 3606990?
2, 3, 5, 120233
What are the prime factors of 286126?
2, 143063
List the prime factors of 18203353.
7, 73, 727
List the prime factors of 262667.
17, 15451
What are the prime factors of 1921056?
2, 3, 20011
What are the prime factors of 6003149?
103, 167, 349
What are the prime factors of 3748647?
3, 7, 3643
What are the prime factors of 77118?
2, 3, 12853
What are the prime factors of 225154?
2, 112577
What are the prime factors of 5321375?
5, 42571
What are the prime factors of 1544461?
73, 21157
List the prime factors of 7766336.
2, 121349
What are the prime factors of 5755393?
7, 73, 1609
What are the prime factors of 308154?
2, 3, 7, 11, 23, 29
List the prime factors of 44526.
2, 3, 41, 181
What are the prime factors of 1581773?
661, 2393
List the prime factors of 25626966.
2, 3, 4271161
What are the prime factors of 1602037?
67, 23911
List the prime factors of 407983.
17, 103, 233
List the prime factors of 1235632.
2, 29, 2663
List the prime factors of 292734.
2, 3, 13, 139
List the prime factors of 40368.
2, 3, 29
What are the prime factors of 5821049?
13, 19, 23567
List the prime factors of 14383268.
2, 149, 24133
What are the prime factors of 2697730?
2, 5, 7, 17, 2267
What are the prime factors of 4947550?
2, 5, 53, 1867
List the prime factors of 8356910.
2, 5, 67, 12473
What are the prime factors of 3100681?
17, 10729
What are the prime factors of 505476?
2, 3, 19, 739
What are the prime factors of 3266947?
401, 8147
What are the prime factors of 740370?
2, 3, 5, 23, 29, 37
What are the prime factors of 163683?
3, 13, 1399
What are the prime factors of 144949?
7, 20707
List the prime factors of 1323781.
53, 24977
What are the prime factors of 812646?
2, 3, 101, 149
List the prime factors of 497965.
5, 13, 47, 163
List the prime factors of 208918.
2, 104459
What are the prime factors of 27984967?
19, 1472893
List the prime factors of 690843.
3, 230281
List the prime factors of 20077116.
2, 3, 811, 2063
What are the prime factors of 243314?
2, 19, 337
List the prime factors of 27240421.
13, 281, 7457
What are the prime factors of 3768395?
5, 753679
List the prime factors of 1057079.
29, 36451
What are the prime factors of 1402983?
3, 155887
List the prime factors of 2026269.
3, 7, 71, 151
List the prime factors of 133992.
2, 3, 1861
List the prime factors of 442985.
5, 19, 4663
List the prime factors of 30721682.
2, 31, 495511
What are the prime factors of 4529808?
2, 3, 83, 379
List the prime factors of 278199.
3, 30911
What are the prime factors of 152455?
5, 30491
List the prime factors of 316427.
109, 2903
List the prime factors of 5191815.
3, 5, 89, 3889
What are the prime factors of 344459?
401, 859
What are the prime factors of 1099222?
2, 71, 7741
List the prime factors of 7800456.
2, 3, 325019
What are the prime factors of 2624?
2, 41
List the prime factors of 523930.
2, 5, 11, 433
What are the prime factors of 1766703?
3, 211, 2791
List the prime factors of 527485.
5, 7, 2153
What are the prime factors of 243255?
3, 5, 16217
List the prime factors of 3320503.
31, 43, 47, 53
List the prime factors of 3703198.
2, 31, 59729
What are the prime factors of 22399?
13, 1723
List the prime factors of 30767798.
2, 47, 327317
List the prime factors of 486850.
2, 5, 7, 13, 107
What are the prime factors of 758413?
61, 12433
List the prime factors of 3417140.
2, 5, 170857
List the prime factors of 298411.
298411
What are the prime factors of 199189?
17, 11717
What are the prime factors of 782940?
2, 3, 5, 13049
List the prime factors of 1206847.
17, 70991
What are the prime factors of 519098?
2, 277, 937
What are the prime factors of 724877?
101, 7177
What are the prime factors of 221058?
2, 3, 12281
List the prime factors of 197155.
5, 7, 43, 131
List the prime factors of 739417.
7, 73, 1447
What are the prime factors of 480548?
2, 19, 6323
What are the prime factors of 3560782?
2, 67, 26573
What are the prime factors of 31097851?
19, 1636729
List the prime factors of 120524.
2, 29, 1039
List the prime factors of 593770.
2, 5, 59377
What are the prime factors of 1667202?
2, 3, 113, 2459
What are the prime factors of 16465768?
2, 11, 187111
List the prime factors of 1576175.
5, 67, 941
List the prime factors of 76017.
3, 25339
What are the prime factors of 347785?
5, 69557
List the prime factors of 1960230.
2, 3, 5, 19, 181
List the prime factors of 16188267.
3, 17, 53, 113
List the prime factors of 16589967.
3, 379, 14591
What are the prime factors of 415693?
593, 701
What are the prime factors of 7305206?
2, 17, 37, 5807
List the prime factors of 203737.
19, 10723
List the prime factors of 22669052.
2, 7, 19, 42611
List the prime factors of 180458.
2, 23, 3923
What are the prime factors of 7110777?
3, 17, 67, 2081
What are the prime factors of 26523860?
2, 5, 11, 120563
List the prime factors of 886283.
886283
List the prime factors of 13006456.
2, 1625807
List the prime factors of 464628.
2, 3, 31, 1249
What are the prime factors of 517985?
5, 13, 613
List the prime factors of 944963.
944963
What are the prime factors of 31865149?
1019, 31271
What are the prime factors of 751014?
2, 3, 11, 3793
List the prime factors of 5917873.
13, 19, 97
List the prime factors of 192191.
192191
What are the prime factors of 12367282?
2, 29, 213229
List the prime factors of 4451783.
7, 635969
List the prime factors of 2633131.
2633131
What are the prime factors of 210464?
2, 6577
What are the prime factors of 391561?
17, 31, 743
List the prime factors of 4160522.
2, 2080261
What are the prime factors of 1167032?
2, 145879
What are the prime factors of 126355?
5, 37, 683
List the prime factors of 10826.
2, 5413
What are the prime factors of 115087?
7, 41, 401
List the prime factors of 5701095.
3, 5, 126691
What are the prime factors of 1744025?
5, 69761
List the prime factors of 59609.
11, 5419
What are the prime factors of 181697?
19, 73, 131
List the prime factors of 5084770.
2, 5, 508477
List the prime factors of 509991.
3, 139, 1223
List the prime factors of 335644.
2, 83911
List the prime factors of 3198099.
3, 19, 2953
List the prime factors of 5351182.
2, 59, 101, 449
List the prime factors of 1051717.
1051717
What are the prime factors of 20427970?
2, 5, 2042797
List the prime factors of 265968.
2, 3, 1847
List the prime factors of 247401.
3, 7, 11, 17
List the prime factors of 37090798.
2, 37, 67, 7481
List the prime factors of 305561.
59, 5179
List the prime factors of 26507.
13, 2039
List the prime factors of 435306.
2, 3, 72551
List the prime factors of 2361064.
2, 29, 10177
List the prime factors of 10914074.
2, 457, 11941
What are the prime factors of 492741?
3, 53, 1033
List the prime factors of 701516.
2, 83, 2113
What are the prime factors of 10686092?
2, 2671523
What are the prime factors of 460783?
197, 2339
What are the prime factors of 875478?
2, 3, 79, 1847
What are the prime factors of 1757619?
3, 2411
What are the prime factors of 287706?
2, 3, 47951
List the prime factors of 2765378.
2, 7, 11, 17957
List the prime factors of 2937474.
2, 3, 163193
What are the prime factors of 10994283?
3, 43, 28409
What are the prime factors of 834832?
2, 52177
What are the prime factors of 38629154?
2, 19314577
List the prime factors of 2813028.
2, 3, 53, 4423
List the prime factors of 244133.
241, 1013
What are the prime factors of 4783353?
3, 1594451
List the prime factors of 2623302.
2, 3, 11, 13249
List the prime factors of 25872.
2, 3, 7, 11
List the prime factors of 944217.
3, 11657
What are the prime factors of 731711?
731711
What are the prime factors of 2840564?
2, 17, 37, 1129
List the prime factors of 18071.
17, 1063
What are the prime factors of 108569?
151, 719
List the prime factors of 2477527.
13, 190579
What are the prime factors of 27578566?
2, 43, 47, 6823
List the prime factors of 308070.
2, 3, 5, 7, 163
List the prime factors of 3828377.
7, 29, 18859
What are the prime factors of 1635977?
7, 29, 8059
List the prime factors of 339817.
339817
What are the prime factors of 22598810?
2, 5, 13, 131, 1327
What are the prime factors of 146093?
146093
What are the prime factors of 28909?
28909
What are the prime factors of 576886?
2, 23, 12541
List the prime factor